{"id":844,"date":"2024-12-24T16:00:26","date_gmt":"2024-12-24T20:00:26","guid":{"rendered":"https:\/\/artrov.com\/main\/?page_id=844"},"modified":"2025-01-31T10:53:57","modified_gmt":"2025-01-31T14:53:57","slug":"terminos-y-condiciones","status":"publish","type":"page","link":"https:\/\/artrov.com\/main\/terminos-y-condiciones\/","title":{"rendered":"T\u00e9rminos y Condiciones de Uso"},"content":{"rendered":"\n<p style=\"font-size:clamp(18.434px, 1.152rem + ((1vw - 3.2px) * 1.101), 29px);line-height:1\"><strong>ARTROV.COM<\/strong><\/p>\n\n\n\n<p style=\"font-size:clamp(18.434px, 1.152rem + ((1vw - 3.2px) * 1.101), 29px);line-height:0.7\"><strong>T\u00c9RMINOS Y CONDICIONES DE USO<\/strong> <\/p>\n\n\n\n<p style=\"font-size:clamp(18.434px, 1.152rem + ((1vw - 3.2px) * 1.101), 29px);line-height:1\">\u00daLTIMA ACTUALIZACI\u00d3N: enero de 2025<\/p>\n\n\n\n<p>Lea atentamente estos T\u00e9rminos y Condiciones de Uso antes de acceder y utilizar nuestro sitio. Al acceder o utilizar nuestro sitio, usted acepta las pr\u00e1cticas descritas a continuaci\u00f3n. Si no est\u00e1 de acuerdo con alguno de los T\u00e9rminos y Condiciones de Uso establecidos en este documento, no podr\u00e1 acceder ni utilizar el sitio o los servicios asociados.<\/p>\n\n\n\n<p class=\"has-heading-font-family has-large-font-size\">DEFINICI\u00d3N DE T\u00c9RMINOS.<\/p>\n\n\n\n<p>Plataforma: p\u00e1gina web <a href=\"http:\/\/www.artrov.com\">www.artrov.com<\/a>, en adelante Artrov.com. Artrov.com ofrece un servicio que le proporciona un lugar en l\u00ednea para crear exposiciones de obras de arte o una galer\u00eda virtual seg\u00fan sus especificaciones.<\/p>\n\n\n\n<p>Usuario Suscriptor: persona natural que crea la cuenta de suscripci\u00f3n a la plataforma de Artrov.com. Puede ser un artista, un fot\u00f3grafo, un marchante de arte, un galerista.<\/p>\n\n\n\n<p>Artista: Persona que crea, desarrolla o produce una o m\u00e1s obras de arte.<\/p>\n\n\n\n<p>Marchante de arte: persona que compra y vende obras de arte, pudiendo ser de uno o varios artistas.<\/p>\n\n\n\n<p>Galerista: aquella persona que posee o dirige una galer\u00eda de arte y que promueve el trabajo de diferentes artistas.<\/p>\n\n\n\n<p>Obras de Arte: aquellas ejecutadas por artistas. Pueden ser pinturas, fotograf\u00edas, obras en arte digital.<\/p>\n\n\n\n<p>Exposici\u00f3n: espacio virtual donde se presentan las obras de arte del (los) artista(s).<\/p>\n\n\n\n<p>Visitante: aquel que accede a Artrov.com para ver e interactuar con las exposiciones de arte.<\/p>\n\n\n\n<p class=\"has-heading-font-family has-large-font-size\"><strong>REGISTRO<\/strong><\/p>\n\n\n\n<p>El registro en Artrov.com Se lleva a cabo abriendo una cuenta de suscripci\u00f3n y aceptando estos T\u00e9rminos y Condiciones de Uso, as\u00ed como la Pol\u00edtica de Privacidad. Una cuenta de usuario no es transferible.<\/p>\n\n\n\n<p>Los datos proporcionados solicitados en las p\u00e1ginas del formulario durante el registro deben estar completos y ser correctos. La direcci\u00f3n de correo electr\u00f3nico proporcionada debe ser correcta y v\u00e1lida, as\u00ed como el n\u00famero de la l\u00ednea m\u00f3vil celular. Se forma la cuenta del usuario suscriptor se activa mediante un correo electr\u00f3nico de confirmaci\u00f3n enviado por Artrov.com.<\/p>\n\n\n\n<p>Nombre de usuario y contrase\u00f1a: Durante el registro, el usuario suscriptor debe elegir un nombre de usuario y una contrase\u00f1a. Este nombre de usuario puede seleccionarse libremente, pero no puede incluir ninguna direcci\u00f3n de correo electr\u00f3nico o URL, ni puede violar los derechos de terceros sobre nombres y marcas. El nombre de usuario elegido no puede violar ning\u00fan principio \u00e9tico. El usuario debe mantener en secreto la contrase\u00f1a elegida y la contrase\u00f1a solo debe ingresarse en los espacios designados en Artrov.com. Artrov.com nunca le solicitar\u00e1 al usuario su contrase\u00f1a por tel\u00e9fono, correo electr\u00f3nico o a trav\u00e9s de otros sitios web.<\/p>\n\n\n\n<p>Cuenta \u00fanica: Cada usuario suscriptor debe proporcionar una l\u00ednea m\u00f3vil celular y un correo electr\u00f3nico. No se permitir\u00e1 la creaci\u00f3n de cuentas m\u00faltiples adicionales utilizando los mismos datos de l\u00ednea m\u00f3vil celular y\/o correo electr\u00f3nico.<\/p>\n\n\n\n<p class=\"has-heading-font-family has-large-font-size\">DESCRIPCI\u00d3N DE LOS PLANES<\/p>\n\n\n\n<p>Un artista individual puede suscribirse bien sea a la cuenta gratuita, as\u00ed como a las cuentas de pago de los planes: lite, artista o galer\u00eda.<\/p>\n\n\n\n<p>Los marchantes de arte y galeristas que quieran cargar obras de arte de m\u00faltiples artistas deben afiliarse a una cuenta de suscripci\u00f3n paga de cualquiera los planes: lite, artista o galer\u00eda, para hacer uso de la plataforma.<\/p>\n\n\n\n<p>A continuaci\u00f3n descripci\u00f3n de los planes:<\/p>\n\n\n\n<p>GRATUITO: est\u00e1 limitado a una exposici\u00f3n de 7 obras de arte con Realidad Aumentada (AR) y tener hasta 15 obras en stock virtual para un solo artista.<\/p>\n\n\n\n<p>LITE: est\u00e1 limitado a dos exposiciones  de arte con Realidad Aumentada (AR) y tener hasta 50 obras en stock virtual para m\u00faltiples artistas.<\/p>\n\n\n\n<p>ARTISTA: est\u00e1 limitado a cinco exposiciones  de arte con Realidad Aumentada (AR) y tener hasta 100 obras en stock virtual para m\u00faltiples artistas.<\/p>\n\n\n\n<p>GALER\u00cdA: est\u00e1 limitado a diez exposiciones de arte con Realidad Aumentada (AR) y tener hasta 200 obras en stock virtual de m\u00faltiples artistas.<\/p>\n\n\n\n<p>Es responsabilidad del usuario administrar su cuenta y sus pagos, en caso de que haya optado por alguno de los planes de pago. Por favor, aseg\u00farese de permitir que los correos electr\u00f3nicos de Artrov.com lleguen a su bandeja de entrada para que nuestros correos electr\u00f3nicos de recordatorio de cortes\u00eda puedan mantenerlo actualizado. Tambi\u00e9n puede iniciar sesi\u00f3n en Artrov.com y administrar su configuraci\u00f3n actual en cualquier momento.<\/p>\n\n\n\n<p>De igual forma, es responsabilidad del usuario cancelar cualquier suscripci\u00f3n que ya no desee continuar. Puede detener las suscripciones recurrentes al final del per\u00edodo actual iniciando sesi\u00f3n en su cuenta y siguiendo las instrucciones en los correos electr\u00f3nicos de \u00abrecordatorio de cortes\u00eda\u00bb.<\/p>\n\n\n\n<p>Bloqueo de cuentas de usuario: Artrov.com reserva el derecho de bloquear una cuenta de usuario o rescindir el contrato de usuario en su totalidad, si se detecta un uso indebido o abusivo de la plataforma. Esto incluye cualquier uso que viole los T\u00e9rminos y Condiciones de Uso o las disposiciones legales, y cualquier uso que vaya en contra del prop\u00f3sito y la intenci\u00f3n de Artrov.com . Al bloquear una cuenta, Artrov.com tendr\u00e1 en cuenta todos los intereses justificados del usuario afectado. El usuario ser\u00e1 informado de los motivos del bloqueo de la cuenta por correo electr\u00f3nico. La cuenta bloqueada se puede reactivar. Sin embargo, Artrov.com no est\u00e1 en la obligaci\u00f3n de reactivar dicha cuenta.<\/p>\n\n\n\n<p>Artrov.com se reserva el derecho de cancelar la cuenta si se ha cometido un incumplimiento material de estos T\u00e9rminos y Condiciones de Uso que no se pueda remediar o que no haya podido remediar. Asimismo, suspender el o los planes de pago a los que est\u00e9 suscrito el usuario en caso de cualquier proceso de insolvencia, liquidaci\u00f3n o suspensi\u00f3n de pagos en el caso de tener activo alguno de nuestros planes de pago. Esto no afectar\u00e1 el uso del plan FREE, siempre y cuando se cumplan los T\u00e9rminos y Condiciones de Uso.<\/p>\n\n\n\n<p>Cancelaci\u00f3n de una cuenta de usuario: Una cuenta gratuita con Artrov.com es v\u00e1lida por tiempo indefinido. La cuenta puede ser cancelada por cualquiera de las partes en cualquier momento y sin previo aviso. Para cancelar su cuenta en Artrov.com , env\u00ede un breve correo electr\u00f3nico con el asunto \u00abTerminaci\u00f3n de mi cuenta\u00bb y su nombre de usuario a info@artrov.com.<\/p>\n\n\n\n<p class=\"has-heading-font-family has-large-font-size\">DERECHOS Y RESPONSABILIDADES<\/p>\n\n\n\n<p>1. Acuerdo: Al registrarse en Artrov.com, el usuario acepta estos T\u00e9rminos y Condiciones de Uso como vinculantes. Cualquier condici\u00f3n opuesta no se acepta y, por lo tanto, es ineficaz.<\/p>\n\n\n\n<p>2. Responsabilidad: El usuario es el \u00fanico responsable de todos los contenidos transferidos y de su propio comportamiento en Artrov.com. El usuario se compromete a no violar las leyes y regulaciones dentro de los l\u00edmites de Artrov.com. En caso de cualquier violaci\u00f3n de los c\u00f3digos de la ley, los principios \u00e9ticos, estos T\u00e9rminos y Condiciones de Uso o por otras razones importantes, nos reservamos el derecho de cancelar instant\u00e1neamente la cuenta del usuario y eliminar todas las im\u00e1genes y contenidos del sitio web Artrov.com como consideremos oportuno.<\/p>\n\n\n\n<p>3. Obligaciones: El usuario se compromete a a) no transferir material protegido por derechos de autor, marca comercial o contenidos que infrinjan los derechos de otras partes de cualquier otra manera al sitio web Artrov.com, b) en caso de no ser el propio artista autor de las obras de arte, a no subir a la plataforma de Artrov.com obras de las cuales no tenga permiso expreso del artista\/autor para promocionarlas c) no insultar, calumniar, acosar o da\u00f1ar a otros usuarios de ninguna manera, d) no utilizar o vincular al sitio web de Artrov.com, o usar una exposici\u00f3n creada en Artrov.com para el env\u00edo de correos electr\u00f3nicos de forma masiva (SPAM) y a e) no utilizar el sitio web Artrov.com con contenidos que sean pornogr\u00e1ficos, racistas o lesivos para los ni\u00f1os o que constituyan un enaltecimiento de la violencia.<\/p>\n\n\n\n<p>4. Inspecci\u00f3n: Artrov.com se reserva el derecho, pero no incurre en ninguna responsabilidad, de inspeccionar, editar, eliminar o bloquear contenidos que violen las obligaciones del usuario o el cumplimiento de la ley. Esto tambi\u00e9n se aplica si se sospecha de una violaci\u00f3n.<\/p>\n\n\n\n<p>5. Derechos de autor: Al transferir cualquier contenido al servidor de Artrov.com, el usuario garantiza que tiene derecho a proporcionar este contenido para su publicaci\u00f3n dentro del sitio web de Artrov.com sin ninguna reclamaci\u00f3n de compensaci\u00f3n por parte de Artrov.com u otras partes. El usuario conserva la propiedad de todos los derechos de propiedad intelectual de sus obras de arte. El \u00fanico derecho de propiedad intelectual que se nos concede sobre sus obras de arte es una licencia no exclusiva para mostrarlas en la(s) exposici\u00f3n(es) de nuestro sitio web. Las obras de arte enviadas y mostradas en Artrov.com deben ser sus propias obras originales, u obras de las cuales tenga el permiso expreso del creador \/ propietario para poder mostrar y promocionar.<\/p>\n\n\n\n<p>6. Cl\u00e1usula de indemnizaci\u00f3n: El usuario exime a Artrov.com de todas las reclamaciones que otras partes puedan hacer valer debido a una violaci\u00f3n de sus derechos, especialmente de sus derechos de autor, derechos de licencia, normativa de competencia o cualquier otro derecho de propiedad por el contenido proporcionado por el usuario. El Usuario se compromete a indemnizar a Artrov.com contra cualquier reclamaci\u00f3n, p\u00e9rdida, responsabilidad y gasto (incluidos los gastos legales) que resulten de su incumplimiento de estos T\u00e9rminos y Condiciones de Uso. Esto incluye (sin limitaci\u00f3n) reclamaciones por derechos de autor u otras formas de infracci\u00f3n de la propiedad intelectual en el caso de que el usuario haya enviado una(s) obra(s) de arte de la(s) que no ten\u00eda derecho a enviar a (o mantener mostrada en) Artrov.com. El usuario est\u00e1 obligado a reembolsar todos los gastos incurridos en acciones legales efectuadas por la violaci\u00f3n de derechos. El usuario se compromete a apoyar a Artrov.com por todos los medios posibles en la satisfacci\u00f3n de todas las reclamaciones de terceros basadas en su contenido, especialmente proporcionando todos los documentos necesarios para la defensa legal.<\/p>\n\n\n\n<p>7. Sujeto a consentimiento: El sitio web Artrov.com y sus contenidos est\u00e1n protegidos por derechos de autor y otros derechos de propiedad. El uso de estos contenidos est\u00e1 sujeto a las leyes de derechos de autor y a las normas de propiedad vigentes. Cualquier uso de estos contenidos, incluido el uso de extractos, est\u00e1 sujeto al consentimiento previo de los propietarios de los derechos. No est\u00e1 permitido copiar ning\u00fan contenido guard\u00e1ndolo localmente o imprimi\u00e9ndolo.<\/p>\n\n\n\n<p>8. Privacidad: Toda la informaci\u00f3n sobre las obras de arte que el usuario cargue en el sistema de Artrov.com, incluyendo el nombre del artista autor de la misma, sus datos de contacto tales como: sus redes sociales, su p\u00e1gina web y sus datos de contacto telef\u00f3nico, ser\u00e1n de caracter p\u00fablico y estar\u00e1n visibles en la plataforma de Artrov.com en las exposiciones de arte que el suscriptor active. Artrov.com garantiza el cumplimiento de la normativa de privacidad y protecci\u00f3n de datos. Todos los datos relacionados con el usuario solo se procesan y almacenan seg\u00fan sea necesario para ejecutar el contrato de usuario. Todas las actividades en Artrov.com se registran junto con la direcci\u00f3n IP respectiva. Encuentre informaci\u00f3n m\u00e1s detallada al respecto en nuestra Pol\u00edtica de Privacidad.<\/p>\n\n\n\n<p class=\"has-heading-font-family has-large-font-size\">RESPONSABILIDADES Y LIMITACIONES<\/p>\n\n\n\n<p>1. Fallos del sistema: En principio, Artrov.com se esfuerza por mantener el servicio las 24 horas del d\u00eda, los siete d\u00edas de la semana y los doce meses del a\u00f1o. Esto excluye todos los per\u00edodos de picos imprevisibles en el tr\u00e1fico que resulten en un mal funcionamiento del servidor, as\u00ed como cualquier falla causada por invasiones ilegales (es decir, ataques de pirater\u00eda) que no podr\u00edan haberse evitado con medidas t\u00e9cnica y econ\u00f3micamente razonables. Los per\u00edodos fuera de l\u00ednea programados son necesarios para mantener y actualizar el sitio web. Estos se anunciar\u00e1n con antelaci\u00f3n y no constituyen un incumplimiento de las obligaciones contractuales de Artrov.com. Artrov.com no pueden garantizar la disponibilidad de sus servicios de Internet en todo momento. Si disputas laborales, casos fortuitos, guerras, disturbios u otras circunstancias fuera del control de Artrov.com impiden que Artrov.com cumplan con sus obligaciones contractuales, Artrov.com no enfrentar\u00e1 consecuencias legales.<\/p>\n\n\n\n<p>2. Exoneraci\u00f3n de responsabilidad: Artrov.com no es intermediario ni participa de ninguna forma en transacciones de tipo comercial entre los usuarios suscriptores y visitantes. Por tanto, Artrov.com no se hace responsable de los contratos celebrados entre usuarios y visitantes. El usuario tambi\u00e9n exime a Artrov.com  de todas las reclamaciones que otros usuarios u otras partes puedan hacer valer debido a su uso de Artrov.com. Si los derechos de otros usuarios u otras partes son violados por los contenidos proporcionados o por otro uso, como la mensajer\u00eda, el usuario est\u00e1 obligado a reembolsar todos los costos incurridos en defensa legal, incluidos los honorarios y costos legales.<\/p>\n\n\n\n<p>3. Limitaci\u00f3n de responsabilidad: Frente a los socios comerciales, y a menos que se infrinjan las obligaciones contractuales esenciales, solo Artrov.com es responsable de los da\u00f1os si y en la medida en que Artrov.com, sus representantes legales o sus empleados ejecutivos puedan ser acusados de dolo o negligencia grave. Para todos los dem\u00e1s empleados y cesionarios, Artrov.com solo asume la responsabilidad en caso de intenci\u00f3n deliberada y en la medida en que se violen las obligaciones contractuales esenciales de forma intencionada o por negligencia grave. Artrov.com no es responsable de las p\u00e9rdidas indirectas, especialmente de los beneficios perdidos, a menos que sus representantes legales, empleados ejecutivos o empleados y cesionarios puedan ser acusados de intenci\u00f3n deliberada y negligencia grave. A menos que se pueda observar una intenci\u00f3n deliberada y una negligencia grave, las responsabilidades de Artrov.com solo cubren los da\u00f1os t\u00edpicamente predecibles en el momento de la formaci\u00f3n del contrato.<\/p>\n\n\n\n<p>Frente a los consumidores, Artrov.com generalmente solo es responsable de los da\u00f1os causados por una violaci\u00f3n intencional y negligente de las obligaciones. Esta limitaci\u00f3n de responsabilidad incluye a todos los representantes legales y a todos los empleados y cesionarios de Artrov.com. En caso de incumplimiento de las obligaciones contractuales esenciales, Artrov.com podr\u00e1 ser considerada responsable de cualquier negligencia por parte de sus representantes legales y de sus agentes y asignatarios. A menos que se pueda observar dolo y negligencia grave, esta responsabilidad solo cubre los da\u00f1os t\u00edpicamente predecibles en el momento de la formaci\u00f3n del contrato.<\/p>\n\n\n\n<p>Las limitaciones de responsabilidad antes mencionadas no se aplican si Artrov.com acepta garant\u00edas expl\u00edcitas. Tampoco se aplican a los da\u00f1os derivados de la p\u00e9rdida de la vida, lesiones y da\u00f1os a la salud, o cuando se apliquen las normas legales obligatorias.<\/p>\n\n\n\n<p class=\"has-heading-font-family has-large-font-size\">DISPOSICIONES FINALES<\/p>\n\n\n\n<p>Artrov.com se reserva el derecho de modificar los T\u00e9rminos y Condiciones de Uso sin dar razones. Todos los cambios se anunciar\u00e1n a tiempo en el sitio web Artrov.com y se solicitar\u00e1 al usuario su cumplimiento. Si el usuario no cancela su cuenta y continua utilizando la plataforma de Artrov.com, las modificaciones surten efecto. Si una o m\u00e1s de estas regulaciones quedaran sin efecto, las dem\u00e1s regulaciones permanecer\u00e1n efectivas a pesar de ello. Las partes contratantes sustituir\u00e1n las cl\u00e1usulas ineficaces por una regulaci\u00f3n que se ajuste mejor a sus intenciones. Lo mismo se aplica a cualquier posible omisi\u00f3n en estos T\u00e9rminos y Condiciones de Uso.<\/p>\n","protected":false},"excerpt":{"rendered":"<p>ARTROV.COM T\u00c9RMINOS Y CONDICIONES DE USO \u00daLTIMA ACTUALIZACI\u00d3N: enero de 2025 Lea atentamente estos T\u00e9rminos y Condiciones de Uso antes de acceder y utilizar nuestro sitio. Al acceder o utilizar nuestro sitio, usted acepta las pr\u00e1cticas descritas a continuaci\u00f3n. Si no est\u00e1 de acuerdo con alguno de los T\u00e9rminos y Condiciones de Uso establecidos en [&hellip;]<\/p>\n","protected":false},"author":1,"featured_media":0,"parent":0,"menu_order":0,"comment_status":"closed","ping_status":"closed","template":"","meta":{"footnotes":""},"class_list":["post-844","page","type-page","status-publish","hentry"],"_links":{"self":[{"href":"https:\/\/artrov.com\/main\/wp-json\/wp\/v2\/pages\/844","targetHints":{"allow":["GET"]}}],"collection":[{"href":"https:\/\/artrov.com\/main\/wp-json\/wp\/v2\/pages"}],"about":[{"href":"https:\/\/artrov.com\/main\/wp-json\/wp\/v2\/types\/page"}],"author":[{"embeddable":true,"href":"https:\/\/artrov.com\/main\/wp-json\/wp\/v2\/users\/1"}],"replies":[{"embeddable":true,"href":"https:\/\/artrov.com\/main\/wp-json\/wp\/v2\/comments?post=844"}],"version-history":[{"count":20,"href":"https:\/\/artrov.com\/main\/wp-json\/wp\/v2\/pages\/844\/revisions"}],"predecessor-version":[{"id":1288,"href":"https:\/\/artrov.com\/main\/wp-json\/wp\/v2\/pages\/844\/revisions\/1288"}],"wp:attachment":[{"href":"https:\/\/artrov.com\/main\/wp-json\/wp\/v2\/media?parent=844"}],"curies":[{"name":"wp","href":"https:\/\/api.w.org\/{rel}","templated":true}]}}